{"id":168,"date":"2023-05-21T06:14:32","date_gmt":"2023-05-21T03:14:32","guid":{"rendered":"https:\/\/aroratr.club\/motolog\/?page_id=168"},"modified":"2023-05-22T05:56:47","modified_gmt":"2023-05-22T02:56:47","slug":"giris-yap","status":"publish","type":"page","link":"https:\/\/aroratr.club\/motolog\/giris-yap\/","title":{"rendered":"Giri\u015f Yap"},"content":{"rendered":"\n<p>E\u011fer aroratr.club&#8217;a \u00fcyeyseniz kay\u0131t olman\u0131z gerekmez. Ayn\u0131 bilgileri kullanarak giri\u015f yapabilirsiniz.<\/p>\n\n\n\n<p>[ultimatemember form_id=&#8221;153&#8243;]<\/p>\n","protected":false},"excerpt":{"rendered":"<p>E\u011fer aroratr.club&#8217;a \u00fcyeyseniz kay\u0131t olman\u0131z gerekmez. Ayn\u0131 bilgileri kullanarak giri\u015f yapabilirsiniz. [ultimatemember form_id=&#8221;153&#8243;]<\/p>\n","protected":false},"author":85,"featured_media":0,"parent":0,"menu_order":0,"comment_status":"closed","ping_status":"closed","template":"","meta":[],"yoast_head":"<!-- This site is optimized with the Yoast SEO plugin v20.7 - https:\/\/yoast.com\/wordpress\/plugins\/seo\/ -->\n<title>Giri\u015f Yap - Motolog<\/title>\n<meta name=\"robots\" content=\"index, follow, max-snippet:-1, max-image-preview:large, max-video-preview:-1\" \/>\n<link rel=\"canonical\" href=\"https:\/\/aroratr.club\/motolog\/giris-yap\/\" class=\"yoast-seo-meta-tag\" \/>\n<meta property=\"og:locale\" content=\"tr_TR\" class=\"yoast-seo-meta-tag\" \/>\n<meta property=\"og:type\" content=\"article\" class=\"yoast-seo-meta-tag\" \/>\n<meta property=\"og:title\" content=\"Giri\u015f Yap - Motolog\" class=\"yoast-seo-meta-tag\" \/>\n<meta property=\"og:description\" content=\"E\u011fer aroratr.club&#8217;a \u00fcyeyseniz kay\u0131t olman\u0131z gerekmez. Ayn\u0131 bilgileri kullanarak giri\u015f yapabilirsiniz. [ultimatemember form_id=&#8221;153&#8243;]\" class=\"yoast-seo-meta-tag\" \/>\n<meta property=\"og:url\" content=\"https:\/\/aroratr.club\/motolog\/giris-yap\/\" class=\"yoast-seo-meta-tag\" \/>\n<meta property=\"og:site_name\" content=\"Motolog\" class=\"yoast-seo-meta-tag\" \/>\n<meta property=\"article:modified_time\" content=\"2023-05-22T02:56:47+00:00\" class=\"yoast-seo-meta-tag\" \/>\n<meta name=\"twitter:card\" content=\"summary_large_image\" class=\"yoast-seo-meta-tag\" \/>\n<script type=\"application\/ld+json\" class=\"yoast-schema-graph\">{\"@context\":\"https:\/\/schema.org\",\"@graph\":[{\"@type\":\"WebPage\",\"@id\":\"https:\/\/aroratr.club\/motolog\/giris-yap\/\",\"url\":\"https:\/\/aroratr.club\/motolog\/giris-yap\/\",\"name\":\"Giri\u015f Yap - Motolog\",\"isPartOf\":{\"@id\":\"https:\/\/aroratr.club\/motolog\/#website\"},\"datePublished\":\"2023-05-21T03:14:32+00:00\",\"dateModified\":\"2023-05-22T02:56:47+00:00\",\"breadcrumb\":{\"@id\":\"https:\/\/aroratr.club\/motolog\/giris-yap\/#breadcrumb\"},\"inLanguage\":\"tr\",\"potentialAction\":[{\"@type\":\"ReadAction\",\"target\":[\"https:\/\/aroratr.club\/motolog\/giris-yap\/\"]}]},{\"@type\":\"BreadcrumbList\",\"@id\":\"https:\/\/aroratr.club\/motolog\/giris-yap\/#breadcrumb\",\"itemListElement\":[{\"@type\":\"ListItem\",\"position\":1,\"name\":\"Anasayfa\",\"item\":\"https:\/\/aroratr.club\/motolog\/\"},{\"@type\":\"ListItem\",\"position\":2,\"name\":\"Giri\u015f Yap\"}]},{\"@type\":\"WebSite\",\"@id\":\"https:\/\/aroratr.club\/motolog\/#website\",\"url\":\"https:\/\/aroratr.club\/motolog\/\",\"name\":\"Motolog\",\"description\":\"Motosiklet D\u00fcnyas\u0131n\u0131n Kalbi Burada At\u0131yor\",\"publisher\":{\"@id\":\"https:\/\/aroratr.club\/motolog\/#organization\"},\"potentialAction\":[{\"@type\":\"SearchAction\",\"target\":{\"@type\":\"EntryPoint\",\"urlTemplate\":\"https:\/\/aroratr.club\/motolog\/?s={search_term_string}\"},\"query-input\":\"required name=search_term_string\"}],\"inLanguage\":\"tr\"},{\"@type\":\"Organization\",\"@id\":\"https:\/\/aroratr.club\/motolog\/#organization\",\"name\":\"Motolog\",\"url\":\"https:\/\/aroratr.club\/motolog\/\",\"logo\":{\"@type\":\"ImageObject\",\"inLanguage\":\"tr\",\"@id\":\"https:\/\/aroratr.club\/motolog\/#\/schema\/logo\/image\/\",\"url\":\"https:\/\/aroratr.club\/motolog\/wp-content\/uploads\/2023\/05\/cropped-image-removebg-preview-16-1.png\",\"contentUrl\":\"https:\/\/aroratr.club\/motolog\/wp-content\/uploads\/2023\/05\/cropped-image-removebg-preview-16-1.png\",\"width\":996,\"height\":250,\"caption\":\"Motolog\"},\"image\":{\"@id\":\"https:\/\/aroratr.club\/motolog\/#\/schema\/logo\/image\/\"}}]}<\/script>\n<!-- \/ Yoast SEO plugin. -->","yoast_head_json":{"title":"Giri\u015f Yap - Motolog","robots":{"index":"index","follow":"follow","max-snippet":"max-snippet:-1","max-image-preview":"max-image-preview:large","max-video-preview":"max-video-preview:-1"},"canonical":"https:\/\/aroratr.club\/motolog\/giris-yap\/","og_locale":"tr_TR","og_type":"article","og_title":"Giri\u015f Yap - Motolog","og_description":"E\u011fer aroratr.club&#8217;a \u00fcyeyseniz kay\u0131t olman\u0131z gerekmez. Ayn\u0131 bilgileri kullanarak giri\u015f yapabilirsiniz. [ultimatemember form_id=&#8221;153&#8243;]","og_url":"https:\/\/aroratr.club\/motolog\/giris-yap\/","og_site_name":"Motolog","article_modified_time":"2023-05-22T02:56:47+00:00","twitter_card":"summary_large_image","schema":{"@context":"https:\/\/schema.org","@graph":[{"@type":"WebPage","@id":"https:\/\/aroratr.club\/motolog\/giris-yap\/","url":"https:\/\/aroratr.club\/motolog\/giris-yap\/","name":"Giri\u015f Yap - Motolog","isPartOf":{"@id":"https:\/\/aroratr.club\/motolog\/#website"},"datePublished":"2023-05-21T03:14:32+00:00","dateModified":"2023-05-22T02:56:47+00:00","breadcrumb":{"@id":"https:\/\/aroratr.club\/motolog\/giris-yap\/#breadcrumb"},"inLanguage":"tr","potentialAction":[{"@type":"ReadAction","target":["https:\/\/aroratr.club\/motolog\/giris-yap\/"]}]},{"@type":"BreadcrumbList","@id":"https:\/\/aroratr.club\/motolog\/giris-yap\/#breadcrumb","itemListElement":[{"@type":"ListItem","position":1,"name":"Anasayfa","item":"https:\/\/aroratr.club\/motolog\/"},{"@type":"ListItem","position":2,"name":"Giri\u015f Yap"}]},{"@type":"WebSite","@id":"https:\/\/aroratr.club\/motolog\/#website","url":"https:\/\/aroratr.club\/motolog\/","name":"Motolog","description":"Motosiklet D\u00fcnyas\u0131n\u0131n Kalbi Burada At\u0131yor","publisher":{"@id":"https:\/\/aroratr.club\/motolog\/#organization"},"potentialAction":[{"@type":"SearchAction","target":{"@type":"EntryPoint","urlTemplate":"https:\/\/aroratr.club\/motolog\/?s={search_term_string}"},"query-input":"required name=search_term_string"}],"inLanguage":"tr"},{"@type":"Organization","@id":"https:\/\/aroratr.club\/motolog\/#organization","name":"Motolog","url":"https:\/\/aroratr.club\/motolog\/","logo":{"@type":"ImageObject","inLanguage":"tr","@id":"https:\/\/aroratr.club\/motolog\/#\/schema\/logo\/image\/","url":"https:\/\/aroratr.club\/motolog\/wp-content\/uploads\/2023\/05\/cropped-image-removebg-preview-16-1.png","contentUrl":"https:\/\/aroratr.club\/motolog\/wp-content\/uploads\/2023\/05\/cropped-image-removebg-preview-16-1.png","width":996,"height":250,"caption":"Motolog"},"image":{"@id":"https:\/\/aroratr.club\/motolog\/#\/schema\/logo\/image\/"}}]}},"_links":{"self":[{"href":"https:\/\/aroratr.club\/motolog\/wp-json\/wp\/v2\/pages\/168"}],"collection":[{"href":"https:\/\/aroratr.club\/motolog\/wp-json\/wp\/v2\/pages"}],"about":[{"href":"https:\/\/aroratr.club\/motolog\/wp-json\/wp\/v2\/types\/page"}],"author":[{"embeddable":true,"href":"https:\/\/aroratr.club\/motolog\/wp-json\/wp\/v2\/users\/85"}],"replies":[{"embeddable":true,"href":"https:\/\/aroratr.club\/motolog\/wp-json\/wp\/v2\/comments?post=168"}],"version-history":[{"count":3,"href":"https:\/\/aroratr.club\/motolog\/wp-json\/wp\/v2\/pages\/168\/revisions"}],"predecessor-version":[{"id":189,"href":"https:\/\/aroratr.club\/motolog\/wp-json\/wp\/v2\/pages\/168\/revisions\/189"}],"wp:attachment":[{"href":"https:\/\/aroratr.club\/motolog\/wp-json\/wp\/v2\/media?parent=168"}],"curies":[{"name":"wp","href":"https:\/\/api.w.org\/{rel}","templated":true}]}}